- 53 - -16 - (0 - -12)?
-24
Calculate -31 + -12 + 27 + 18 + 11.
13
Evaluate 24 + -10 + (4 - 2 - (0 + -5)).
21
Calculate -22 + 10 + 17 + -1 + (0 - -2).
6
34 - (0 + (-13 - (0 + -4) - -9))
34
-15 - ((1 - (2 - 2)) + -2)
-14
What is -15 + 13 + 17 + -28?
-13
What is the value of 6 + (-15 - -2) + -6 + (-5 - -9)?
-9
(10 - -1) + (16 - -13) + -33
7
Evaluate -11 + 9 + (11 - 17) + 7.
-1
What is (-27 - -19) + 5 + -13 + -10?
-26
What is the value of -9 + (10 - 9 - 9 - 6 - -5)?
-18
-21 - (-16 + -2) - (-4 + 2 + 8)
-9
-761 + 764 - (-10 + -1 + 0)
14
Evaluate -49 + 68 - (28 + 4).
-13
What is -1 + -23 + 26 + -4 + -6?
-8
What is (-15 - (7 + -28 + -13)) + 4 + 0?
23
Evaluate 16 - ((16 - 15) + 7).
8
-19 - (3 + -12 - -1) - 25
-36
Calculate (-14 - -7) + 47 + -29.
11
What is (-2 - 2) + 2 + (30 - 42) + 13?
-1
Evaluate 10 + 7 + -10 + (11 + 2 - 6).
14
Calculate (1 - 8) + (-5 - (1 - -2 - 10)).
-5
0 - -1 - (7 + -3 - 17)
14
What is (-5 + -7 - (9 - 5 - 1)) + 8?
-7
What is (-3 + 4 - -10) + -119 + 92?
-16
-27 + 15 + 4 + (-1 + 0 - -7)
-2
14 + (-17 - -4) + (1 - 0) + -18
-16
What is 7 + (-16 - -20) - (-3 + 11)?
3
Calculate -3 + 0 - -9 - (-8 + 4 + 5).
5
What is -12 + -9 + 22 + -1?
0
Calculate (54 - 51) + (-5 - (4 + -1)).
-5
Calculate -33 - ((3 - -1) + 1 + (5 - 21)).
-22
What is the value of 8 + (-1 - 3) + (-2 - (1 - 9))?
10
Evaluate 1 + -17 + 45 + -47.
-18
What is 13 - -16 - (-46 - -91)?
-16
What is the value of 2 - (9 - (-5 + -4 + 2))?
-14
Calculate 10 + (15 - 2) + -16.
7
What is the value of 571 - 627 - (0 + -43)?
-13
Evaluate 17 + -11 + (5 + -8 - 4).
-1
Evaluate -23 + (-22 - -63) - (-17 - 0).
35
-20 + 7 - -21 - (4 + 2 + 0)
2
What is -9 - -7 - 19 - 7 - (9 - 18)?
-19
Calculate -24 + 29 - (19 - (-7 - -2)).
-19
What is 0 + -19 + (88 - 75)?
-6
What is -17 - 13 - (-59 - -33)?
-4
-11 + 14 + 6 + (-3 - -6 - 29)
-17
What is 6 - (5 + (1 - 3 - -6) - 5)?
2
Evaluate (7 - (-2 - 0)) + (8 - (60 + -61)).
18
What is the value of -9 + 14 + -7 + -1 + 12?
9
Calculate (192 - 174 - (0 - -6)) + 15.
27
Calculate 5 + 17 + 16 + -42.
-4
Calculate 1 - (-2 + 4 + -1).
0
Calculate -14 - (6 + -2 + (1 - -11) + -15).
-15
What is the value of -22 + (31 - (9 + 25))?
-25
What is (-8 - (-10 + 7 - 12)) + -20?
-13
What is 28 + (-2 - -1) - (-19 + -9 + 25)?
30
What is -19 + (9 - 0 - 14)?
-24
Calculate -31 + (10 - 2) + (5 - 4).
-22
What is the value of (13 - 32 - 0) + 19?
0
What is the value of (6 - (14 - 12)) + (-10 - -1)?
-5
Calculate -9 - -6 - ((-21 - -3) + -2 + 1).
16
(19 - 16) + (-1 - 7) - -5
0
What is the value of (-2 - 3) + 3 + (-4 - 1)?
-7
Evaluate -2 + 5 + 4 - 3 - (12 - 5).
-3
What is 6 + (2 + -2 - 18)?
-12
Evaluate 39 - 62 - (-9 + -4).
-10
Calculate (11 - (7 + -5) - 3) + 4.
10
(0 - (-3 - -6)) + -1
-4
Calculate -9 + 11 + -4 + 11 - (25 - 0).
-16
Calculate (30 - 1) + 671 + -697.
3
Calculate (-10 + -19 + 10 - -19) + (11 - -1).
12
-1 + -17 - -32 - 14
0
What is -23 - -16 - 3 - (2 - (3 + 0))?
-9
Evaluate 20 + -6 + -14 - 11.
-11
Calculate (5 - (4 - 11)) + -13.
-1
What is the value of 1 + -3 + 19 - (20 + -6 + -8)?
11
Evaluate 18 + (-3 - 10) - (19 + 2).
-16
What is (-76 - -69) + (3 - -1) + 22?
19
What is -13 - (-39 - (-40 - -7))?
-7
What is (-28 - (4 + -26)) + 25?
19
Evaluate 12 - 9 - (135 + -117).
-15
Calculate -1 + 4 + 15 + -10 + -14 - -8.
2
(-19 - -11) + 3 - -1
-4
(-37 - -54 - 7) + -3 + -1
6
40 + 0 + (437 - 450)
27
What is -11 + (-4 + -2 - -4) + 3 + 1?
-9
Evaluate 3 + (5 + -4 - 2) + 7 + -2.
7
Calculate 2 - (15 + -16 + 0).
3
Calculate 31 + -52 - (-13 + (4 - 4)).
-8
Calculate 15 - 12 - (3 + 7 + (-2 - 5)).
0
What is -4 + (-13 - -17) - (-1 - -9)?
-8
What is the value of (-13 + -3 - -16) + (4 - 3)?
1
6 + -13 - (14 + -6 - -9)
-24
What is the value of -27 - (-57 - (10 + -23))?
17
Evaluate 55 + 14 + -48 - 11.
10
What is the value of (0 - 1) + 17 + -21?
-5
What is the value of -3 - -3 - -1 - ((-10 - -13) + 5)?
-7
What is the value of -17 + 2 - (-3 + (-1 - (9 + -5)))?
-7
Calculate -14 + -7 + 1 - (-5 + -11).
-4
What is -9 + 0 + (-31 - -13) + 4 + 8?
-15
What is the value of (-1 - (-7 - 0)) + -54 + 12 + 39?
3
What is 11 + -7 - (-2 + 12)?
-6
What is (0 - (-22 - -6)) + -28?
-12
Evaluate 6 - (-4 - (-20 - (-18 + 12))).
-4
Calculate -2 + 27 - (-1 + 12 + -10 + -2).
26
Calculate 21 + -29 + -7 - (7 + -1 - 0).
-21
What is -26 + 39 + -11 - (2 - 1)?
1
Evaluate -34 - (-38 + 3 + 17).
-16
What is the value of -5 + (8 + -34 - -18 - (2 - -1))?
-16
(-32 - -7) + 3 - -24
2
What is the value of -1 - 10 - (-17 - -12)?
-6
Calculate -7 + -4 - -14 - 14.
-11
What is 11 + (-5 - -5) + 8 + -9?
10
-49 - (61 - 82) - (3 + 0)
-31
Evaluate -38 + -35 + 33 - -37.
-3
-12 + (1 - 3) - (-8 + 1 + 2)
-9
(3 - -7 - 18) + 1 + -1
-8
Evaluate 22 + (-1 - -3) + -9 + (1 - 6).
10
What is the value of 3 - (-2 + 8 + -11) - -3?
11
What is the value of 17 + (3 - (6 + 8))?
6
(-2 - 0 - -14) + (10 - 27) + 46
41
What is the value of 8 + (-3 - -1) + (-7 - -1 - -11)?
11
(-10 - -27 - -5) + 12 + -12
22
Calculate (0 - -16) + 7 + -20.
3
Evaluate -9 + 3 + -13 + 15.
-4
What is the value of -5 + 6 + -3 + -1 + (-6 - -9)?
0
Calculate -8 - (-18 - -16 - 2 - (-1 + -2)).
-7
Evaluate 4 + -17 - (1 + -3).
-11
What is the value of -24 - (-26 + -2 + 13)?
-9
What is -5 + -2 + 2 + 0 + (2 - 3)?
-6
What is 12 + (-28 - (-28 + 17))?
-5
(37 + -38 - (-2 - 6)) + -2
5
Evaluate 22 - (35 - 49 - -27).
9
What is the value of (1 + 3 - (10 - 1)) + 4 - -6?
5
Evaluate 3 - (0 - 1) - (15 - 16 - -15).
-10
Calculate 119 + -124 + 21 + -1 + -9.
6
What is the value of -9 - (-21 - (10 + -25))?
-3
Calculate 4 - (17 + -17 - -7).
-3
What is the value of 13 - -1 - (-14 + 11)?
17
What is the value of (-4 - (-1 + -9)) + -4 + -2 + -14?
-14
What is 5 + -35 + 17 - -7?
-6
Evaluate (8 + 12 - 22) + 18.
16
1 + -1 + (-31 - (12 - 33))
-10
Evaluate -4 + -6 - 19 - -11 - 2.
-20
What is -17 - 1 - (7 + -3 - 7)?
-15
Calculate 8 - (16 - -4) - (38 + -62).
12
0 + -1 + -1 + 22 - (-1092 - -1083)
29
Calculate 13 + -1 + (116 - 114) - 13.
1
13 + 2 + -14 + (23 - 12)
12
What is the value of 24 - (-27 + 52) - (1 - -2) - 17?
-21
Evaluate -38 - -26 - -19 - (12 - -2 - 0).
-7
What is the value of -18 - -12 - (-4 + 5 + -18) - -14?
25
(23 - (-9 + 21)) + (-2 - (-4 + 1))
12
Evaluate (-9 - -3) + 6 + (2 - -28) + -9.
21
What is the value of 5 - (-4 + (9 - 7 - 10) + 13)?
4
Evaluate (-4 - 1) + (-7 - 0) + 4 + -3.
-11
7 + (25 - (-1 + 10)) + (-1 - 0)
22
What is (3 - 9) + 8 + -6?
-4
Evaluate -23 - (8 - (22 - -3)).
-6
3 + (7 - (-9 + 7 + 7))
5
Evaluate 8 + 9 + -4 + 10 + -13.
10
What is the value of -2 - -8 - (8 + -1 + -12 + 4)?
7
What is the value of -8 - ((-14 - 9) + 10 + 5) - 18?
-18
What is -18 - -17 - (2 + 1 - 12)?
8
Evaluate 10 + (3 - -6) + -20.
-1
Evaluate (8 - (22 - -1)) + 9.
-6
Calculate -12 - (-13 - (1 - -11)).
13
Calculate (-5 - -18) + -14 + (-13 - -3).
-11
-2 - -5 - (15 - 22) - 2
8
What is the value of 24 + (-25 - -24) + -22?
1
Calculate (-4 - (8 - 1)) + 5 + -9.
-15
1 - -15 - (-28 + -33 + 69)
8
Evaluate (171 - 169) + 1 + 3.
6
Calculate (0 - -12) + (-17 - -6).
1
What is the value of -23 + -1 + -229 + 236?
-17
What is the value of 12 + 5 - (32 - 6)?
-9
7 + 6 + -7 + 12 - 8
10
(27 + -6 - -1) + (0 - 1)
21
(12 - (-11 - 1)) + (-7 - (-3 + -2))
22
Evaluate -13 - (-24 - (-13 - -7)).
5
What is the value of 11 + -16 + -8 + 29?
16
Evaluate (-4 - -4) + -15 + -201 + 208.
-8
-3 + 0 + 5 + -6
-4
What is -4 + 19 + 0 + -2 + -14 + 10?
9
-4 - ((4 - (2 + -11)) + -19 + 11)
-9
What is the value of 2 + -15 + (294 - 290)?
-9
What is 5 - 12 - (-2 + 40 + -10)?
-35
What is 47 + -93 - -53 - (-2 - (0 - 28))?
-19
Calculate 23 - (-31 - -31 - -17).
6
2 + 1 + -28 + (-10 - (6 + -23))
-18
0 + (-3 - -5 - 0 - 0)
2
-3 - (-9 - 0 - (52 - 61))
-3
(12 - 32) + 23 + -26
-23
Evaluate -23 + (10 - 15) + -2 - -12.
-18
What is -1 + (4 - -2) + (134 - 138)?
1
Calculate 13 - (0 - (-6 - (11 + -10))).
6
What is the value of 3 + (2 - 7) + 47 + -20 + -20?
5
What is (-3 - -14) + -14 - (-5 + 0)?
2
Evaluate 19 + 20 + -13 + -28.
-2
What is 2 + 6 + (-14 - -5) + -11 + -1?
-13
What is 10 + 8 + -29 - (1 + -14)?
2
What is the value of 0 + 1 + (271 - 272)?
0
What is the value of (5 + -2 - -5) + (-2 + 6 - 10)?
2
Calculate 4 - 13 - (-26 - (-29 - -27)).
15
What is 3 + -2 + -5 - (-13 + 4 - -12)?
-7
What is the value of 13 + (6 + -9 - -3) + -2?
11
What is the value of 3 + (-7 - -2) + (-12 - -18) - 15?
-11
Calculate 1 + -4 + 4 + (10 - (-9 - -5